) = 27*n**3 - 5*n**2 + 55*n - 801. What is z(0)?
-801
Let i(p) = -p**3 + 37*p**2 + 870*p - 4658. Give i(52).
22
Let t(y) = 90*y**2 - 9698*y - 19392. Calculate t(-2).
364
Let v(q) = -q**3 + 287*q**2 - 531*q - 11234. Calculate v(285).
-119
Let h(w) = -670474*w + 13409476. What is h(20)?
-4
Let k(b) = -368*b - 33492. Calculate k(-91).
-4
Let w(k) = k**3 + 23*k**2 + 806*k + 18392. Give w(-23).
-146
Let a(o) = 20*o**2 - 1755*o - 3501. Calculate a(-2).
89
Let w(b) = -b**2 - 16*b + 49. Calculate w(-27).
-248
Let m(q) = q**2 - 18974*q + 454799. Give m(24).
-1
Let d(t) = -t**3 + 67*t**2 - 117*t + 17287. Determine d(69).
-308
Let a(s) = 2*s**2 - 405*s + 3639. Calculate a(9).
156
Let t(a) = -a**2 - 859*a + 93784. Calculate t(98).
-2
Let i(m) = 4*m**3 + 754*m**2 + 335*m - 7697. What is i(-188)?
11
Let a(x) = 17*x**2 - 165*x + 70. What is a(16)?
1782
Let p(v) = -6*v**3 + 4350*v**2 - 8672*v - 2883. Give p(723).
9
Let x(d) = d**2 - 238*d + 4576. What is x(21)?
19
Let z(m) = -115*m**2 + 225*m + 947. Calculate z(-4).
-1793
Let h(d) = -d**2 + 42*d + 252599. Determine h(524).
31
Let u(k) = k**3 + 19*k**2 + 5496*k + 43923. What is u(-8)?
659
Let t(p) = p**2 - 36*p - 75259. Give t(-257).
42
Let i(w) = -8023*w - 1203462. Determine i(-150).
-12
Let a(t) = 28*t**3 - 533*t**2 + 11*t - 207. Determine a(19).
-359
Let d(z) = -55562*z - 2500313. Calculate d(-45).
-23
Let i(t) = 50284*t + 351957. What is i(-7)?
-31
Let c(m) = 4*m**2 + 510*m + 49. What is c(3)?
1615
Let g(t) = -60*t**2 - 301*t - 8. Calculate g(-5).
-3
Let i(f) = 134*f**3 - 24114*f**2 - 1079*f - 181. Determine i(180).
-1
Let l(z) = -4*z**3 - 16*z**2 + 1740*z - 160. Give l(-23).
24
Let v(k) = k**3 + 14*k**2 - 16*k - 55. Give v(4).
169
Let o(f) = 1205*f - 279353. What is o(232)?
207
Let l(j) = -41188*j - 1482771. What is l(-36)?
-3
Let r(b) = 24*b**2 - 37933*b - 207771. Calculate r(1586).
-5
Let o(n) = -169*n - 29056. Calculate o(-214).
7110
Let o(y) = 7*y**3 - 511*y**2 + 363*y - 26431. Determine o(73).
68
Let m(j) = 1157361*j + 17360423. What is m(-15)?
8
Let o(t) = t**3 - 155*t**2 - 1642*t + 94. Give o(-10).
14
Let z(s) = -5*s**3 - 102*s**2 + 194*s + 14. Calculate z(2).
-46
Let k(a) = -6053*a - 2275933. Determine k(-376).
-5
Let h(u) = 2354*u + 48760. Calculate h(-21).
-674
Let t(v) = -1613*v - 6418. Calculate t(-4).
34
Let i(q) = -338*q**2 + 6361*q + 1130. Determine i(19).
-29
Let w(v) = -v**3 + 259*v**2 - 16397*v - 107. Calculate w(149).
-1150
Let k(t) = 203*t**3 - 493*t**2 + 22*t + 9. Calculate k(2).
-295
Let i(u) = 267*u + 52607. Give i(-197).
8
Let h(k) = 46*k**2 - 745*k - 801. Determine h(-1).
-10
Let c(p) = -28*p**2 - 945*p + 400. What is c(-32)?
1968
Let f(g) = 48039*g + 383822. What is f(-8)?
-490
Let h(r) = -9*r**2 - 273*r + 1291. Calculate h(4).
55
Let d(u) = 2*u**3 - 387*u**2 - 31022*u + 1651. Calculate d(-61).
4
Let h(z) = -103*z**2 - 639*z + 9. Determine h(-6).
135
Let m(h) = -4*h**3 + 15*h**2 - 230*h - 1311. Calculate m(-6).
1473
Let m(q) = -7*q**2 - 30*q - 30. Determine m(-12).
-678
Let x(s) = 1833*s**2 + 412422*s - 676. Determine x(-225).
-1
Let y(g) = -2425*g + 1054882. Determine y(435).
7
Let q(s) = 3*s**3 - 793*s**2 + 1800*s + 8910. Give q(262).
2
Let g(p) = 6*p**2 + 412*p - 3346. What is g(-76)?
-2
Let j(f) = -5*f**3 + 247*f**2 - 507*f + 8200. Determine j(48).
-8
Let z(c) = 103*c**2 + 3402*c - 217. What is z(-33)?
-316
Let o(r) = 166*r + 5670. What is o(-42)?
-1302
Let f(s) = -62*s**2 - 1486*s + 7442. Calculate f(5).
-1538
Let o(p) = -182155*p + 41349188. Determine o(227).
3
Let c(g) = 20513*g - 451642. Determine c(22).
-356
Let u(r) = -32*r**2 - 6938*r + 1394. What is u(-217)?
92
Let k(c) = -c**2 + 294*c + 212642. Give k(-337).
-5
Let a(d) = -859*d + 11126. Give a(11).
1677
Let p(d) = -d**3 + 115*d**2 - 1022*d + 64088. Calculate p(111).
-70
Let x(v) = v**2 - 132314*v - 2381984. Determine x(-18).
-8
Let u(q) = q**2 + 729*q - 30072. Give u(40).
688
Let s(k) = k**3 + 44*k**2 - 60*k + 59. Give s(-45).
734
Let z(i) = -2*i**2 - 415*i - 12789. What is z(-169)?
224
Let k(o) = -17921*o - 69138. Determine k(-4).
2546
Let c(k) = 5*k**3 - 71*k**2 - 4*k + 87. Determine c(13).
-979
Let w(d) = -d**3 + 73*d**2 + 593*d - 3142. Give w(80).
-502
Let m(a) = 7*a**3 + 1686*a**2 - 231*a + 2480. Determine m(-241).
70
Let a(h) = 2*h**2 - 340*h - 1410. Determine a(170).
-1410
Let u(o) = o**3 + 10*o**2 + 62*o + 996. Determine u(-9).
519
Let o(h) = -47*h**2 - 272*h + 834. Give o(-8).
2
Let p(f) = f**3 - 16*f**2 + 89*f - 292. Give p(7).
-110
Let b(d) = 11*d**3 - 7*d**2 + 11*d + 5. What is b(6)?
2195
Let q(h) = -498*h + 68632. Give q(135).
1402
Let n(i) = -862*i + 67122. Calculate n(77).
748
Let o(h) = 2*h**2 + 1029*h + 10102. Determine o(-10).
12
Let o(q) = 2*q**2 + 722*q - 5159. Determine o(-368).
-7
Let c(o) = -2*o**2 + 1176*o + 47376. Determine c(-38).
-200
Let v(o) = -1569*o - 12398. Determine v(-8).
154
Let i(r) = 5*r**3 - 86*r**2 - 158*r - 170. Calculate i(19).
77
Let g(b) = b**3 - 15*b**2 - 254*b - 95. What is g(25)?
-195
Let v(i) = -2890*i + 526121. Calculate v(182).
141
Let p(o) = o**3 - 169*o**2 + 1449*o - 1427. Give p(160).
13
Let f(u) = -103*u + 11904. Determine f(117).
-147
Let t(y) = 4339*y - 65231. Determine t(15).
-146
Let o(v) = -58011*v + 23958535. What is o(413)?
-8
Let a(g) = 63*g - 1412. Determine a(26).
226
Let z(u) = u**3 + 137*u**2 - 356*u - 10876. What is z(-139)?
-34
Let a(l) = -l**2 + 5239*l - 1472658. Give a(298).
-240
Let b(c) = 7298*c + 3736591. Give b(-512).
15
Let i(h) = 3376*h + 1519421. Determine i(-450).
221
Let p(u) = -u**3 - 26*u**2 - 10*u + 36. What is p(-9)?
-1251
Let z(r) = -34*r**2 + 450*r + 18. Give z(8).
1442
Let j(c) = c**3 + 19*c**2 + 130*c + 682. Determine j(-11).
220
Let d(w) = w**2 - 195*w + 4793. Determine d(167).
117
Let k(y) = -2*y**3 - 251*y**2 + 946*y + 433. Calculate k(4).
73
Let q(b) = 2928*b - 114339. What is q(39)?
-147
Let c(s) = -411*s + 12720. Calculate c(31).
-21
Let s(a) = 2202*a + 394317. Calculate s(-179).
159
Let t(r) = 12*r**2 + 75136*r - 300623. Calculate t(4).
113
Let u(s) = 38*s**3 + 492*s**2 - 235*s - 2844. Determine u(-13).
-127
Let r(k) = 3758*k + 3776806. Calculate r(-1005).
16
Let v(p) = -6*p**3 + 625*p**2 - 76*p - 2710. What is v(104)?
202
Let f(t) = 2*t**3 - 19*t**2 - 9*t - 258. Determine f(11).
6
Let s(q) = 16*q**2 - 62*q - 94. What is s(-5)?
616
Let v(n) = 4*n**3 - 46*n**2 + 36*n + 35. Determine v(2).
-45
Let w(t) = -2370*t + 663579. Give w(280).
-21
Let g(b) = 3*b**3 - 15*b**2 - 95*b + 481. Calculate g(5).
6
Let k(i) = -i**3 + 25*i**2 + 146*i - 13. What is k(-5)?
7
Let a(k) = -24*k**2 - 2757*k + 334. Determine a(-115).
-11
Let y(b) = -b**2 - 190*b - 8406. Calculate y(-118).
90
Let q(w) = -w**2 - 2665*w - 18609. Determine q(-7).
-3
Let h(l) = l**3 - 237*l**2 + 506*l - 8011. Determine h(235).
449
Let j(v) = 12*v**2 + 4413*v + 205641. What is j(-313)?
0
Let j(m) = -m**3 - 14*m**2 + 183227*m + 2931112. What is j(-16)?
-8
Let y(f) = 118*f**2 - 193*f + 561. What is y(3)?
1044
Let x(t) = 3636*t - 287285. Calculate x(79).
-41
Let n(k) = k**2 - 2613*k - 607960. Give n(-215).
60
Let n(a) = -a**2 + 5577*a + 22314. Calculate n(-4).
-10
Let v(k) = 29*k**2 + 378*k + 978. What is v(-7)?
-247
Let w(u) = -u**3 - 20*u**2 - 12*u - 200. Give w(-9).
-983
Let f(i) = -i**3 - 363*i**2 - 29157*i + 368. What is f(-120)?
8
Let v(g) = -3709*g - 55527. Calculate v(-15).
108
Let b(v) = -v**3 - 132*v**2 - 2049*v + 355. What is b(-114)?
13
Let j(d) = 2*d**2 + 38*d - 841. Calculate j(-37).
491
Let f(x) = -213*x**3 - 11*x**2 - 62*x - 57. Determine f(-1).
207
Let t(v) = 7*v**2 + 2654*v - 50078. Give t(18).
-38
Let j(v) = -180*v + 8400. Give j(46).
120
Let v(i) = -2605*i - 61637. Give v(-24).
883
Let r(j) = 351*j**2 - 3057*j - 931. Determine r(9).
-13
Let g(u) = -87*u + 13277. Calculate g(153).
-34
Let w(i) = -3811355*i - 11434060. Determine w(-3).
5
Let y(t) = 5779*t + 57306. Give y(-10).
-484
Let s(z) = 1987*z - 220677. Give s(111).
-120
Let d(h) = 689*h - 56584. Calculate d(82).
-86
Let r(h) = -h**2 + 1527*h - 55022. Determine r(37).
108
Let x(s) = -4553*s + 118429. Determine x(26).
51
Let b(n) = -n**3 - 28*n**2 + 593*n - 41. Determine b(14).
29
Let x(q) = 18*q**3 - 157*q**2 - 19*q - 27. Give x(9).
207
Let a(l) = -l**2 - 10*l + 2037. What is a(-51)?
-54
Let g(v) = 